t are the prime factors of 123789050?
2, 5, 7, 11, 37, 79
List the prime factors of 3832482873.
3, 17, 75146723
What are the prime factors of 824505992?
2, 103063249
List the prime factors of 313473258.
2, 3, 7, 2487883
List the prime factors of 5789078351.
7, 827011193
List the prime factors of 3986160111.
3, 442906679
What are the prime factors of 140195355?
3, 5, 1307, 7151
List the prime factors of 49953320.
2, 5, 1248833
What are the prime factors of 162421244?
2, 40605311
List the prime factors of 1878110749.
1878110749
What are the prime factors of 979224753?
3, 13, 3607, 6961
List the prime factors of 106701540.
2, 3, 5, 11, 269, 601
List the prime factors of 262585406.
2, 71, 241, 7673
List the prime factors of 7679233953.
3, 83, 10280099
What are the prime factors of 1132568630?
2, 5, 6121, 18503
What are the prime factors of 323906609?
13, 67, 257, 1447
List the prime factors of 30733679.
31, 991409
What are the prime factors of 368986209?
3, 2953, 41651
List the prime factors of 726497767.
2719, 267193
List the prime factors of 111966927.
3, 37322309
What are the prime factors of 39401393?
17, 136337
What are the prime factors of 203908357?
203908357
What are the prime factors of 696531068?
2, 37, 4706291
List the prime factors of 250979766.
2, 3, 41829961
What are the prime factors of 83679228?
2, 3, 59, 39397
List the prime factors of 104291323.
19, 199, 27583
List the prime factors of 56419987.
13, 19, 228421
List the prime factors of 2082501484.
2, 7, 29, 2564657
What are the prime factors of 604061042?
2, 13, 71, 337, 971
What are the prime factors of 79469662?
2, 17, 2337343
List the prime factors of 496031.
31, 16001
List the prime factors of 350619834.
2, 3, 58436639
List the prime factors of 48995904.
2, 3, 17, 883
List the prime factors of 2177334921.
3, 3947, 183881
What are the prime factors of 103009425?
3, 5, 41, 139, 241
What are the prime factors of 294622036?
2, 17, 4332677
List the prime factors of 149422843.
17, 8789579
What are the prime factors of 565030126?
2, 157, 233, 7723
List the prime factors of 37639385.
5, 7, 23, 46757
List the prime factors of 2558750683.
2558750683
List the prime factors of 144379544.
2, 18047443
What are the prime factors of 427544031?
3, 59, 2415503
List the prime factors of 500202180.
2, 3, 5, 2778901
What are the prime factors of 3237141911?
3237141911
What are the prime factors of 202746271?
7, 13, 41, 1109
List the prime factors of 972630857.
11, 79, 157, 7129
List the prime factors of 203515663.
13, 15655051
List the prime factors of 268363703.
268363703
List the prime factors of 140350954.
2, 41, 71, 24107
What are the prime factors of 280836859?
179, 1568921
What are the prime factors of 209751741?
3, 47, 67, 2467
What are the prime factors of 134798980?
2, 5, 41, 43, 3823
What are the prime factors of 197325050?
2, 5, 13, 23, 67, 197
What are the prime factors of 18642761?
17, 59, 18587
List the prime factors of 197072286.
2, 3, 37, 71, 12503
What are the prime factors of 2721088621?
67, 40613263
List the prime factors of 147836222.
2, 73918111
List the prime factors of 125695979.
31, 4054709
List the prime factors of 462279001.
23, 281, 71527
List the prime factors of 930229597.
11, 2897, 29191
List the prime factors of 5906926795.
5, 7, 11, 15342667
List the prime factors of 468258911.
29, 439, 36781
List the prime factors of 190326172.
2, 47581543
List the prime factors of 678758577.
3, 7, 32321837
What are the prime factors of 104407358?
2, 11, 521, 9109
List the prime factors of 195324328.
2, 41, 157, 3793
List the prime factors of 38899684.
2, 9724921
List the prime factors of 259982067.
3, 1607, 53927
List the prime factors of 107835926.
2, 11, 191, 2333
What are the prime factors of 43424742?
2, 3, 7237457
What are the prime factors of 1234504412?
2, 308626103
What are the prime factors of 2889477950?
2, 5, 57789559
What are the prime factors of 2036104705?
5, 17, 1409069
What are the prime factors of 1779276203?
1187, 1498969
What are the prime factors of 5945182?
2, 61, 48731
List the prime factors of 113210580.
2, 3, 5, 7, 5501
List the prime factors of 288929036.
2, 11, 23, 73, 3911
List the prime factors of 55853785.
5, 13, 31, 53, 523
What are the prime factors of 2775523489?
59, 409, 115019
What are the prime factors of 1822644153?
3, 11, 1487, 4127
List the prime factors of 15294267.
3, 599, 2837
List the prime factors of 389262848.
2, 13, 233, 251
What are the prime factors of 204039195?
3, 5, 19, 715927
What are the prime factors of 333481687?
7, 11, 393721
What are the prime factors of 91517193?
3, 223, 45599
List the prime factors of 5160561584.
2, 322535099
What are the prime factors of 14568357?
3, 31, 43, 3643
List the prime factors of 2827904174.
2, 127, 11133481
What are the prime factors of 3887577?
3, 17, 25409
List the prime factors of 76471658.
2, 38235829
List the prime factors of 793434273.
3, 919, 287789
List the prime factors of 1367790827.
13, 43, 2446853
List the prime factors of 319168267.
11, 107, 373, 727
What are the prime factors of 774294270?
2, 3, 5, 19, 1358411
List the prime factors of 287508206.
2, 8053, 17851
What are the prime factors of 51166185?
3, 5, 7, 419, 1163
What are the prime factors of 3110677105?
5, 6197, 100393
What are the prime factors of 113167722?
2, 3, 3257, 5791
List the prime factors of 1055248119.
3, 23, 41, 124337
What are the prime factors of 1078207003?
19, 2986723
What are the prime factors of 82756704?
2, 3, 19, 59, 769
List the prime factors of 1680069978.
2, 3, 197, 157931
What are the prime factors of 268199547?
3, 7, 11, 1161037
What are the prime factors of 2692034331?
3, 7, 1013, 126547
What are the prime factors of 35292415?
5, 31, 227693
List the prime factors of 164123463.
3, 7, 19, 411337
List the prime factors of 3695146423.
3695146423
List the prime factors of 849304706.
2, 31, 13698463
List the prime factors of 82609843.
967, 85429
List the prime factors of 2069397018.
2, 3, 13, 41, 71899
What are the prime factors of 319062396?
2, 3, 37, 151, 4759
What are the prime factors of 2042719416?
2, 3, 71, 409, 977
What are the prime factors of 3208400403?
3, 13, 82266677
List the prime factors of 29101925.
5, 1164077
What are the prime factors of 14750394?
2, 3, 1553, 1583
What are the prime factors of 552942657?
3, 2663, 23071
What are the prime factors of 142734530?
2, 5, 37, 41, 97
List the prime factors of 3291896141.
3291896141
List the prime factors of 2454775507.
53, 127, 347, 1051
What are the prime factors of 298618769?
443, 674083
List the prime factors of 19371780.
2, 3, 5, 107621
List the prime factors of 288025875.
3, 5, 28447
What are the prime factors of 161978340?
2, 3, 5, 29, 127, 733
List the prime factors of 71941559.
71941559
List the prime factors of 62787162.
2, 3, 10464527
What are the prime factors of 85143493?
23, 53, 69847
List the prime factors of 14720539.
14720539
What are the prime factors of 4501986828?
2, 3, 375165569
List the prime factors of 1047791208.
2, 3, 4973, 8779
What are the prime factors of 1573119995?
5, 211, 1491109
List the prime factors of 918086808.
2, 3, 43, 79, 11261
List the prime factors of 1346349982.
2, 1951, 345041
What are the prime factors of 562504552?
2, 97, 101, 7177
What are the prime factors of 1170100609?
197, 499, 11903
What are the prime factors of 1423737925?
5, 19, 223, 13441
List the prime factors of 17134588.
2, 4283647
What are the prime factors of 736494312?
2, 3, 30687263
What are the prime factors of 36691875?
3, 5, 11, 593
What are the prime factors of 237937433?
113, 2105641
List the prime factors of 46714459.
11, 4246769
List the prime factors of 129710944.
2, 11, 31, 11887
List the prime factors of 6590435070.
2, 3, 5, 11489, 19121
List the prime factors of 3484151.
11, 383, 827
What are the prime factors of 25871916?
2, 3, 7, 67, 4597
List the prime factors of 61783281.
3, 7, 980687
What are the prime factors of 130782140?
2, 5, 23, 401, 709
What are the prime factors of 50371761?
3, 11, 419, 3643
List the prime factors of 1343043288.
2, 3, 127, 173, 283
List the prime factors of 142785046.
2, 71392523
What are the prime factors of 110159812?
2, 7, 79, 49801
List the prime factors of 312806482.
2, 156403241
What are